e thousands digit of 191341768?
1
What is the hundred thousands digit of 203112333?
1
What is the units digit of 2934011924?
4
What is the ten thousands digit of 5414365?
1
What is the hundred millions digit of 2161911993?
1
What is the ten thousands digit of 1225059506?
5
What is the hundreds digit of 113373814?
8
What is the ten millions digit of 335720100?
3
What is the hundred thousands digit of 71675974?
6
What is the ten thousands digit of 424449061?
4
What is the units digit of 28293112?
2
What is the units digit of 119447723?
3
What is the hundreds digit of 291791646?
6
What is the hundred thousands digit of 125519230?
5
What is the tens digit of 6165176859?
5
What is the tens digit of 8399584?
8
What is the millions digit of 112149574?
2
What is the tens digit of 43279434?
3
What is the tens digit of 29075840?
4
What is the hundred millions digit of 3821317673?
8
What is the tens digit of 47851944?
4
What is the ten millions digit of 260312526?
6
What is the tens digit of 100800055?
5
What is the ten thousands digit of 29777492?
7
What is the tens digit of 37570333?
3
What is the ten thousands digit of 86137965?
3
What is the millions digit of 71937501?
1
What is the thousands digit of 84277911?
7
What is the ten millions digit of 314479413?
1
What is the tens digit of 267895431?
3
What is the units digit of 50285987?
7
What is the ten thousands digit of 43710090?
1
What is the ten thousands digit of 507745248?
4
What is the ten millions digit of 2239842120?
3
What is the millions digit of 44287686?
4
What is the ten thousands digit of 1484103924?
0
What is the ten millions digit of 90829657?
9
What is the units digit of 13862062?
2
What is the hundreds digit of 85032714?
7
What is the ten millions digit of 3890142226?
9
What is the ten thousands digit of 1936720524?
2
What is the millions digit of 3083813?
3
What is the ten millions digit of 251927168?
5
What is the hundred thousands digit of 2402448897?
4
What is the hundreds digit of 490869086?
0
What is the millions digit of 962786821?
2
What is the hundred millions digit of 207787211?
2
What is the ten millions digit of 1666593078?
6
What is the thousands digit of 297814680?
4
What is the hundred millions digit of 2023866728?
0
What is the hundreds digit of 58038046?
0
What is the tens digit of 2380532?
3
What is the hundred thousands digit of 413450592?
4
What is the tens digit of 2169750197?
9
What is the units digit of 362604750?
0
What is the tens digit of 132279595?
9
What is the hundred thousands digit of 239618542?
6
What is the thousands digit of 250273274?
3
What is the hundreds digit of 1920511681?
6
What is the hundred millions digit of 1032470637?
0
What is the millions digit of 17779251?
7
What is the millions digit of 2749335796?
9
What is the hundreds digit of 142624441?
4
What is the units digit of 2550865636?
6
What is the millions digit of 179187362?
9
What is the ten thousands digit of 1352832890?
3
What is the hundred millions digit of 1414863668?
4
What is the ten thousands digit of 118884761?
8
What is the hundred thousands digit of 10394997?
3
What is the ten millions digit of 156824787?
5
What is the ten thousands digit of 171507936?
0
What is the hundred thousands digit of 1076820416?
8
What is the units digit of 231116942?
2
What is the hundred millions digit of 1970795600?
9
What is the hundreds digit of 7353212395?
3
What is the units digit of 946896611?
1
What is the hundred thousands digit of 87904696?
9
What is the units digit of 2722869223?
3
What is the hundreds digit of 4197091273?
2
What is the hundreds digit of 967003476?
4
What is the thousands digit of 50900796?
0
What is the ten millions digit of 22990790?
2
What is the tens digit of 97821463?
6
What is the ten thousands digit of 4364442080?
4
What is the tens digit of 578029916?
1
What is the hundred millions digit of 4824312477?
8
What is the tens digit of 601154947?
4
What is the thousands digit of 729120404?
0
What is the hundred thousands digit of 531262104?
2
What is the thousands digit of 15212575?
2
What is the hundred thousands digit of 4418571315?
5
What is the thousands digit of 61593702?
3
What is the tens digit of 23432726?
2
What is the thousands digit of 293845866?
5
What is the hundred millions digit of 186433255?
1
What is the billions digit of 3040319777?
3
What is the hundred thousands digit of 199173351?
1
What is the millions digit of 4117597840?
7
What is the billions digit of 1202780488?
1
What is the ten millions digit of 538081724?
3
What is the millions digit of 156749311?
6
What is the ten thousands digit of 22213462?
1
What is the hundred millions digit of 3729891257?
7
What is the units digit of 99340138?
8
What is the billions digit of 6198085223?
6
What is the hundred thousands digit of 367331896?
3
What is the thousands digit of 3397815008?
5
What is the units digit of 3392239?
9
What is the units digit of 72700678?
8
What is the hundred millions digit of 1978002369?
9
What is the hundreds digit of 282462506?
5
What is the tens digit of 116202111?
1
What is the ten millions digit of 542208906?
4
What is the thousands digit of 69306738?
6
What is the hundreds digit of 3192501838?
8
What is the units digit of 91439845?
5
What is the ten millions digit of 144503007?
4
What is the hundred millions digit of 1284298601?
2
What is the hundred thousands digit of 318853582?
8
What is the millions digit of 2345895872?
5
What is the ten thousands digit of 124957808?
5
What is the hundreds digit of 58751400?
4
What is the tens digit of 7088776?
7
What is the millions digit of 26667733?
6
What is the ten millions digit of 53954037?
5
What is the thousands digit of 69834901?
4
What is the units digit of 51253025?
5
What is the hundred thousands digit of 48174436?
1
What is the tens digit of 2334696963?
6
What is the hundred millions digit of 1694829825?
6
What is the ten millions digit of 2413926555?
1
What is the units digit of 90427877?
7
What is the tens digit of 6662837?
3
What is the units digit of 25427209?
9
What is the hundred thousands digit of 479520586?
5
What is the hundred thousands digit of 5610500132?
5
What is the units digit of 840543769?
9
What is the thousands digit of 908938184?
8
What is the thousands digit of 16691266?
1
What is the ten thousands digit of 266774687?
7
What is the hundred thousands digit of 10860135?
8
What is the tens digit of 6263339?
3
What is the thousands digit of 326754352?
4
What is the thousands digit of 1329496205?
6
What is the hundreds digit of 374110209?
2
What is the hundred millions digit of 2436891215?
4
What is the hundred thousands digit of 735661737?
6
What is the hundred thousands digit of 116044769?
0
What is the tens digit of 177335140?
4
What is the ten thousands digit of 1599179229?
7
What is the ten millions digit of 406590827?
0
What is the ten millions digit of 439378311?
3
What is the ten thousands digit of 2295345314?
4
What is the hundreds digit of 562171523?
5
What is the thousands digit of 5334757952?
7
What is the tens digit of 64041090?
9
What is the ten thousands digit of 1761174476?
7
What is the hundreds digit of 2769926876?
8
What is the thousands digit of 29211927?
1
What is the millions digit of 45885752?
5
What is the thousands digit of 505537914?
7
What is the hundred millions digit of 139922129?
1
What is the ten millions digit of 992861814?
9
What is the ten thousands digit of 436074705?
7
What is the ten thousands digit of 50470791?
7
What is the tens digit of 56922796?
9
What is the hundred thousands digit of 1447529799?
5
What is the millions digit of 186842036?
6
What is the ten thousands digit of 1272265953?
6
What is the thousands digit of 33772942?
2
What is the ten millions digit of 187665662?
8
What is the ten thousands digit of 190109487?
0
What is the tens digit of 1102814961?
6
What is the thousands digit of 11643014?
3
What is the units digit of 3794360249?
9
What is the tens digit of 570430210?
1
What is the ten thousands digit of 143158481?
5
What is the tens digit of 9389291?
9
What is the millions digit of 89201637?
9
What is the hundreds digit of 129744466?
4
What is the tens digit of 249376036?
3
What is the ten millions digit of 377275196?
7
What is the millions digit o